der when -3*4/t*-14 is divided by 4?
2
Let o be 2/(-6) - (-595)/(-15). Let q = 41 + o. Suppose -2*h = 2*h - 2*s - 12, 2*s = -5*h + 15. Calculate the remainder when h is divided by q.
0
Let v be -8*(-34)/4*2/1. Suppose 2*p - v = -2*p. What is the remainder when 67 is divided by p?
33
Let r(z) = -z**2 + 18*z - 14. Calculate the remainder when r(14) is divided by 155/17 + 12/(-102).
6
Suppose -x + 29 = 5*r, 3*r + 3*x = r + 22. Let i(c) = 2*c + 25. Suppose 4*z + 4*d + 48 = 0, -8*d - 4 = -4*d. What is the remainder when r is divided by i(z)?
2
What is the remainder when 2 + (-25)/(-2) - (-9)/(-6) is divided by 1 - -1 - (-7 - (2 - 6))?
3
Let v(u) = 4*u - 24. Let h be v(7). Suppose 4*p - 84 = -0*p + 4*o, 5*p = h*o + 105. What is the remainder when 31 is divided by p?
10
Suppose -v + 3*l + 73 = v, -3 = -l. Let u(p) = 14*p + 8. Calculate the remainder when v is divided by u(1).
19
Let f be 4 + 0 + (45 - -4) - 4. Suppose 16*o - 9*o = f. Suppose -4*w = -0*w - 108. Calculate the remainder when w is divided by o.
6
Suppose -l + 7 = -3. Let c be (-2 - 14)/4 + l. Suppose -c = 6*x - 96. What is the remainder when x is divided by 4?
3
Suppose 0 = -8*b + 22 + 18. What is the remainder when -2 - (-645 + 0)/b is divided by 32?
31
Let w(v) = -v + 6. Suppose -3*o - s = 14, 2*s = -4*o - 10 - 12. What is the remainder when w(o) is divided by 5?
4
Let u(l) = -6*l**3 - 3*l**2 + l + 11. Calculate the remainder when 265 is divided by u(-2).
40
Let k = 703 - 667. Calculate the remainder when k is divided by 27.
9
Let n(y) = 23*y + 503. What is the remainder when ((-6)/(-3))/4*66 is divided by n(-21)?
13
Let t be 1*-2 - (-25 - -18). Suppose -2*v + t*v - 87 = 0. Suppose 0 = v*w - 32*w + 15. What is the remainder when 17 is divided by w?
2
Let b(m) = m. Let u be b(3). Let c(s) = 4*s**2 + 2 + 2*s + 3*s - 2 - 6. What is the remainder when c(u) is divided by 16?
13
Let i be (-256)/18 + 6/27. Let g = i - -12. What is the remainder when (-18)/(-3) - (g - -2) is divided by 2?
0
What is the remainder when 4/(-156)*-13 - (-1067)/3 is divided by 12?
8
Let b(v) = 6*v + 156. Calculate the remainder when b(-18) is divided by 5.
3
Let h = 51 - 53. What is the remainder when 14 is divided by (1*h/(-4))/(2/20)?
4
Calculate the remainder when 103 is divided by 87/(-30)*-8 + 31/(-155).
11
Suppose 3*h = -2*y - 1, 2*h + 3*y + 21 = 4*h. What is the remainder when 71 is divided by (10 - h)*24/14?
11
Suppose -2*d - 13 + 3 = -4*s, s - 20 = 3*d. Let j(g) = g**2 + 4*g + 3. Calculate the remainder when (-139)/(-3) + 1/(-3) is divided by j(d).
22
Let a = 701 + -615. Calculate the remainder when 331 is divided by a.
73
Let c = -271 + 296. Calculate the remainder when 47 is divided by c.
22
Suppose 2*q + 1 = -3, -5*l - 4*q + 107 = 0. What is the remainder when l is divided by 21?
2
Let d(y) = -45*y**3 + y. Let g = 201 - 178. Calculate the remainder when d(-1) is divided by g.
21
Suppose 0 = -2*z + 5*p + 449, 0 = 5*z + 4*p - 697 - 376. Calculate the remainder when z is divided by 55.
52
Calculate the remainder when (-11)/((-3)/((-144)/(-6))) is divided by 20.
8
Let m = -835 - -855. Suppose 3*r = -2*r + 290. Calculate the remainder when r is divided by m.
18
Let y(q) = -8*q + 1. Suppose 2*b = 3*b - 135. Suppose -4*p + 243 - 32 = 5*g, 3*p - b = 4*g. What is the remainder when p is divided by y(-2)?
15
Let y = 64 - 62. Suppose 5*s = -2*v - 2*v + 76, -y*v = -5*s + 52. What is the remainder when 21 is divided by s?
9
Suppose 4*o = -o - 460. Let c be o*((-10)/5 + -2). Suppose -3*d + 5*y + c = d, -481 = -5*d + y. Calculate the remainder when d is divided by 25.
22
Suppose 39 - 165 = -6*c. What is the remainder when 83 is divided by c?
20
Suppose 61*k + 1296 = 77*k. Calculate the remainder when 188 is divided by k.
26
Suppose u - l = 12 + 25, -112 = -3*u + 2*l. Let c = 101 - u. Calculate the remainder when 375 is divided by c.
60
Let x = 62 + -44. Suppose -4*u - 36 = -6*w + 2*w, -2*w - 4*u = -30. Calculate the remainder when x is divided by w.
7
Suppose 12 = 4*l, -2*j + 21 = -l - 18. Suppose -340 = 11*q - j*q. Calculate the remainder when 96 is divided by q.
28
Let y(q) = 15*q + 147. What is the remainder when (19 - -1)/(1 - 0) is divided by y(-9)?
8
Let t = 17 + -20. What is the remainder when 74 is divided by 1/(-1) - (-17 + t)?
17
What is the remainder when ((-120)/90)/((-2)/12) is divided by 3?
2
Let c(s) = -s**2 + 19*s - 13. Let j be c(18). Suppose 5*n - 2*b + 20 = 0, 0 = 3*b - j*b. What is the remainder when (-190)/n*4/5 is divided by 13?
12
Let z = -201 - -281. Calculate the remainder when z is divided by 34.
12
Let w(c) = 6*c**2 + 6*c - 6. What is the remainder when 20 is divided by w(1)?
2
Let l(y) = -2*y + 10. Suppose 8*a - 4 = 10*a. Calculate the remainder when l(-8) is divided by 1/((-6)/27)*a.
8
Let j(u) = -33*u + 15. Let b be j(4). Let r = b - -150. Calculate the remainder when r is divided by 12.
9
Suppose -m = -5*f - 0 - 3, -2*m = -4*f + 6. Calculate the remainder when 34 is divided by 16/(-4) - m - -10.
8
Let k(b) = -10*b - 19. What is the remainder when 545 is divided by k(-8)?
57
Suppose 2*l - 5*l - 5*i + 5 = 0, 0 = -5*l + i - 29. Calculate the remainder when ((-90)/(-27))/(2 - l/(-3)) is divided by 3.
1
Let g = 269 + -263. Let b = 4 - -1. Let w = b - 2. Calculate the remainder when g is divided by w.
0
Let q = -25 + 40. Let g(w) = -9*w - 192. What is the remainder when q is divided by g(-22)?
3
Let i be 16/24*(-2 - 1). Calculate the remainder when 11 is divided by ((-7)/i)/(11/22).
4
Suppose -2*u = -4*r + 30, r + 2*u - 1 = 14. Let j(c) = c**2 - 8*c + 21. What is the remainder when j(7) is divided by r?
5
Let d(w) = 5*w - 9. Let a(u) = -16*u + 26. Let p(n) = 6*a(n) + 17*d(n). Let i be (-8)/16*10*1. Calculate the remainder when p(i) is divided by 15.
13
Let a be (-3)/2 + (-3)/(-2). Suppose a*l + l = 3. Suppose l = d - 9. What is the remainder when 46 is divided by d?
10
Suppose 25 = 3*h + 4*k, 2*k - 32 = -4*h + 18. Suppose -n + 24 = -h. What is the remainder when n is divided by 10?
9
Let c(g) = g**2 + g - 1. Let t(y) = -6*y**2 - y - 17. Let j(x) = -5*c(x) - t(x). What is the remainder when j(6) is divided by 9?
7
Calculate the remainder when 18 + 0*(-4)/(-12) is divided by (264/30)/11 + 72/10.
2
Suppose 5*n = -2*r + 295, -n - 4*n - 3*r + 290 = 0. What is the remainder when n is divided by (-1)/3 + (-40)/(-3)?
9
Suppose -4*p - 90 = -3*w + 16, -2*p + 94 = 2*w. What is the remainder when w is divided by 4?
2
Let u = -18 - -35. Let m(c) = -4*c + 1. Suppose 2*f = 2*l - 5*l + 2, 2*l + 8 = f. Calculate the remainder when u is divided by m(l).
8
Suppose 13 - 7 = -3*l, 0 = 3*d + 3*l - 120. What is the remainder when d is divided by 15?
12
Let m(p) = -152*p + 1094. Suppose 3*x - 4*d = 28, x = 3*d + d + 4. Calculate the remainder when m(7) is divided by x.
6
Let j(q) = -q**3 - 12*q**2 - 12*q - 9. Let r be j(-11). Suppose 56 = -r*z + 6*z. Let n = -34 - -89. Calculate the remainder when n is divided by z.
13
Suppose -125 = -8*c + 4*c + 3*a, -5*c = 3*a - 190. What is the remainder when 558 is divided by c?
33
Let j be 1 + 1 - 1*-2. Suppose -i - a + 7 = 0, -j*i + 21 + 35 = -3*a. Calculate the remainder when 31 is divided by i.
9
Suppose -17*b + 20*b = n + 29, -5*b - n + 35 = 0. Calculate the remainder when 30/2 - (-2)/(-2) is divided by b.
6
Let n(j) = j**2 + 2*j - 14*j + 7 - 2*j**2 - 20. Suppose 0 = a - 6*a + 200. What is the remainder when a is divided by n(-9)?
12
Let r(g) = -270*g - 7. What is the remainder when r(-1) is divided by 22?
21
Let i = -29 - -75. Let r = 29 + -16. Calculate the remainder when i is divided by r.
7
Suppose 3*l - 3*t - 15 = 0, -16 = -3*l - 0*t + 2*t. Calculate the remainder when 121 is divided by l.
1
Let p = 38 - 5. Suppose 5*z = -35 + 145. Suppose 3*q - 5*q + z = -g, -5*g = -q + 2. What is the remainder when p is divided by q?
9
Let v(z) = 45*z - 27. Let q be v(3). Suppose -18*g + 22*g = q. What is the remainder when g is divided by 5?
2
Suppose a - 17 - 18 = 3*p, -2*p + 62 = 2*a. Calculate the remainder when 317 is divided by a.
29
Calculate the remainder when 14/21 + 2*464/12 is divided by 27.
24
Suppose 0 = 3*t - 3*o + 1 - 124, 5*t - 173 = -3*o. What is the remainder when 146 is divided by t?
35
Suppose -263 = 2*y - 3*y. What is the remainder when y is divided by 12?
11